4, -1421 = -m*u + 4*k + 2897. Is u a composite number?
False
Let t(v) = -4*v + 35. Let c be t(8). Suppose 3 = -4*k + c*k. Is ((-2)/6)/((-1)/k)*-5381 composite?
False
Suppose -101*w + 97*w = 4*n - 41416, 3*n - 31022 = 5*w. Is n composite?
True
Suppose -5*l = -5, 5*w - l + 3*l + 38 = 0. Suppose -3*p + 4*b + 296 = p, 0 = -5*b + 20. Is 6 + w - (-1 - p) composite?
True
Suppose -3*z - 293054 = 8*o - 15*o, -3*o + 125621 = 4*z. Is o prime?
False
Let q = 1404 + -2361. Let z = q + 1394. Is z a prime number?
False
Suppose 9*r - 4*r - 65 = 0. Suppose -r*s = -16*s + 37899. Is s composite?
True
Suppose -88*y + 15 = -85*y. Is (3432/(-18) + y)/(1/(-3)) prime?
True
Suppose 0 = 7*x + 87 + 39. Let b be (-4)/x + -1 + (-739973)/9. Is 1/(5/b*-4) composite?
False
Is (5694338 + 8)*11/44 - 1/2 a prime number?
False
Suppose 2*h + 15*a - 81768 = 20*a, -h = -5*a - 40889. Is h a prime number?
True
Let n(o) = 24*o**2 - 38*o + 29. Let v be n(-22). Suppose v = 5*r - 4*b, 4*r + b = 12373 - 2384. Is r a prime number?
False
Let v = 37 + -34. Suppose 4*s - v*s = -3. Is (-32)/48 - 3203/s composite?
True
Let a(k) = -3*k**3 + 4*k**2 - k + 17. Let x = -231 - -225. Is a(x) a prime number?
False
Let k = 544766 + -340939. Is k a prime number?
False
Let q = 90 - 85. Suppose q*g - 2 = 43. Suppose 0 = k + g*k - 11630. Is k a composite number?
False
Let q(w) = -w**3 - 13*w**2 + 16*w + 31. Let g be q(-14). Suppose 2*n - 4*l = 2194, -23*n + 22*n + g*l + 1102 = 0. Is n a prime number?
True
Let h be -2*(2 - 974/4). Suppose 0*f + 297 = -3*f + 5*v, f = -3*v - 113. Let x = h + f. Is x a composite number?
False
Let i = -6802 - -11397. Let q = i + 7902. Is q a composite number?
False
Suppose 114 - 58 = 4*y. Is 11 - y - 208/(-1) a composite number?
True
Let u(r) = 6*r**3 + 7*r - 1. Let p(a) = a**2 - 37*a - 116. Let c be p(-3). Is u(c) a composite number?
True
Suppose 3*f = -n + 5 + 11, -20 = -5*n. Suppose 0 = f*p - 15*p + 1199. Is p prime?
True
Let j be 20*(-7 + 108/15). Suppose j*o - 23635 = -o. Is o a composite number?
True
Let h(o) = -1106*o - 635. Is h(-27) prime?
False
Is (-1671)/3*-381*(-5)/(-15) a prime number?
False
Let i = -231 + 223. Is (-6)/i - (-96730)/40 a composite number?
True
Suppose -41*n = -100*n + 13859324 - 1544077. Is n composite?
True
Let i = 32762 - 18277. Is i composite?
True
Let a(q) = -q - 10. Let c be a(-14). Suppose -c*y = -k + 164, 2*k - 6*k = y + 41. Let s = y - -159. Is s composite?
True
Let n = 60487 - 40958. Is n a composite number?
True
Let c = 563938 - 249815. Is c a prime number?
False
Let j(v) = -6772*v - 130. Let m(n) = -2257*n - 43. Let h(u) = -4*j(u) + 11*m(u). Is h(4) a composite number?
False
Suppose 5*f - 1297*t - 1202367 = -1295*t, -2*f + 4*t + 480950 = 0. Is f composite?
False
Suppose -6*b - 985 - 911 = 0. Let q = 435 - b. Is q a composite number?
False
Is 196315312/1736 - 16/(-14) a composite number?
True
Let s be (2 - -2) + 22 + -10. Let i(z) = -s + 13*z - 4 - 5 + 11. Is i(12) prime?
False
Suppose 7*s - 747 = -243. Let n = s - -179. Suppose -n - 372 = -a. Is a composite?
True
Let j(r) = 1273*r - 86. Let u(t) = -2546*t + 166. Let d(g) = -7*j(g) - 3*u(g). Is d(-11) a composite number?
False
Suppose 10 = -2*s - 3*u, 0 = 2*s + 49*u - 53*u + 24. Let l(g) = 10*g**2 - g - 25. Is l(s) prime?
False
Suppose 6 = -6*y + 54. Let i be y*(21/6 - 3). Suppose i*z - 321 = 2*z + 5*q, 811 = 5*z - 4*q. Is z a prime number?
True
Suppose -3*t - 68322 = -6*d, 4*d - 18*t + 23*t - 45548 = 0. Is d a composite number?
True
Suppose 4*k - 6 = 2*x, -2*k = 3*k - x - 15. Let t be ((-2)/(k + -6))/2*6. Suppose -l = -m - 7428, -t*l - 3879 + 26173 = -m. Is l prime?
True
Let x = 332 - 311. Suppose -100051 = -28*p + x*p. Is p a composite number?
False
Suppose 0 = 2*s - 2*g - 127798, -5*s + 209909 + 109598 = g. Is s composite?
False
Suppose 0 = -4*z - 2*p + 578540, -3*p - 9101 = -3*z + 424822. Is z composite?
True
Suppose 5*o + 951 = c - 945, -5*c + 9480 = -o. Suppose -c = -5*n + 5684. Let f = n - 461. Is f prime?
False
Let p = 977595 + -631292. Is p a prime number?
True
Suppose 5*r + 2*i - 27094 = 9361, -5*r + 36435 = -2*i. Is r a prime number?
False
Let u be 3/(-6) + (-138790)/4. Is (-4*10/16)/(3/u) prime?
False
Let h(c) be the second derivative of -65*c**3/3 - 21*c**2/2 + c. Let d be ((-396)/528)/((-3)/(-28)). Is h(d) a prime number?
False
Let o(w) = 9*w**3 - 19*w**2 - 22*w - 77. Let x(l) = 11*l**3 - 20*l**2 - 22*l - 76. Let h(s) = -3*o(s) + 2*x(s). Is h(-12) prime?
True
Let m(q) = -8*q**3 - 34*q - 96. Let h be m(-23). Suppose 28*d + 12986 = h. Is d composite?
False
Let g(q) be the first derivative of 251*q**3 - q**2/2 - 2*q - 76. Is g(-3) prime?
False
Let w(q) = -3*q - 19*q**2 + 85 + 93 - 118 + q**3 - 18*q. Is w(23) a prime number?
True
Let r = 39 - 41. Let i be 7 + -6 + (-6)/r. Is (-1570)/((-8)/i) + 0 composite?
True
Suppose -5*i + 0*q + 34314 = q, 27432 = 4*i - 4*q. Let f = 689 + i. Suppose -4*j - 5*j + f = 0. Is j composite?
False
Let d be (5/3)/((-35)/672*-8). Suppose 11*c = -d*c + 225255. Is c a composite number?
False
Let q(j) = 12*j**3 - 28*j**2 - 17*j + 29. Let n(l) = -19*l**3 + 42*l**2 + 25*l - 43. Let b(g) = 5*n(g) + 8*q(g). Is b(17) a prime number?
False
Suppose -3*q + 595327 = -5*l, -5*q + 893*l + 992225 = 888*l. Is q prime?
False
Suppose 5*s = 3*x + 87, 0*s = -4*s - 4*x + 44. Let z be ((-96)/s)/(4/(-10)). Suppose 5*o - o + z = 0, 3971 = 5*f - 4*o. Is f composite?
True
Let x be (-4)/8 - 36/(-8). Suppose 5*q = -4*j + 2245, -9*q + x*j = -5*q - 1796. Suppose -6*b + b - v = -q, 3*v - 101 = -b. Is b prime?
True
Let w(t) = 1027*t**2 - t - 1. Let z = 63 + -60. Is w(z) a prime number?
True
Let p(u) = 4*u**2 - 26*u - 493. Is p(70) composite?
True
Let i(a) = 151117*a**2 - 80*a + 89. Is i(2) prime?
True
Let l(f) = -f**3 - 5*f**2 + 4*f - 13. Let a = 32 - 26. Let u be l(a). Let k = u + 620. Is k a prime number?
False
Let j = -74842 + 116019. Is j prime?
True
Let i(r) = -163*r + 10. Let z = -45 + 66. Suppose -z*s + 14*s - 28 = 0. Is i(s) composite?
True
Suppose -126052 = -w - s - 1328, -4*w + 498923 = -5*s. Is w prime?
False
Let k = -109782 + 184991. Is k a composite number?
False
Suppose -4*v - 3*h - 31 = 0, -v - 2*h = v + 18. Let a = 3 + -4. Is ((-873 - 0) + v)*a a composite number?
False
Let a(g) = g**2 - 4. Let y be a(3). Suppose 2*h + 20 = 5*c, 3*h - 2*c + 12 = c. Suppose -4*r = -r - 4*n - 1481, 5*r - y*n - 2460 = h. Is r composite?
False
Suppose -2*d + 2467 = -r, 3*d - 4*d = -3*r - 7396. Let v = r + 5825. Suppose v + 225 = 5*u. Is u a prime number?
False
Let u(y) = 12*y**2 - 17*y + 18. Let v = -67 + 59. Let h be u(v). Let s = 999 + h. Is s composite?
True
Let z(l) = l**3 + 7*l**2 + 4*l - 8. Let c be z(-6). Suppose -c = a, -3*v + 3*a + 2567 = 446. Is v prime?
False
Suppose -22*a + 13104190 = -2283072. Is a composite?
True
Suppose -76325 = -21*v + 199342. Is v composite?
False
Let a = -12335 + 6572. Let n = a + 16816. Is n prime?
False
Suppose s + 4*s - 300 = 0. Let t(k) = 28 - s + k**2 - k + 33. Is t(15) composite?
False
Suppose -6*g = 238 + 50. Let m be ((-28000)/(-6))/2 + 16/g. Suppose 0 = 5*i - 6*i + m. Is i composite?
False
Suppose 3*v + 3270 = -0*v. Suppose 3*l = -0*l - 3*a + 7050, 5*l = -3*a + 11748. Let z = v + l. Is z composite?
False
Suppose 239 = 2*q + 899. Is (q/24)/11*-1244 prime?
False
Let p be 2*(-1 - 0) + 4. Let i(v) = 97*v**2 - 6*v - 1. Let n be i(-4). Is n/p + (-6)/((-12)/(-1)) a composite number?
False
Is (34401/(-4))/((-1467)/25428) composite?
True
Suppose 3*f - 930479 = -166*g + 165*g, -3*f = 5*g - 4652347. Is g a prime number?
True
Suppose -44*i + 44*i = -27*i + 5582223. Is i a prime number?
True
Let o = -189 + 189. Suppose o = 2*d - 760 - 2934. Is d composite?
False
Suppose -11 = -b - 4*h + 16, 3*b - 4*h - 1 = 0. Suppose 0 = -b*q - 12 + 40. Suppose -j + q*j - 4011 = 0. Is j a composite number?
True
Let x = -74 - -64. Is -4 + 1 + (9028 - (x - -6)) composite?
False
Suppose -9795 = -3*y - 3*i, 3*y + 145*i - 143*i = 9789. Is y composite?
False
Let y(a) = 207*a - 8. Let q = 219 - 128. Let o = q - 88. Is y(o) prime?
True
Let k = 452425 - 19794. Is k prime?
True
Let k(n) = 4085*n**2 - 7*n - 25. Is k(-3) prime?
True
Suppose 3*c + 3*y = 48, 3*y + y = 16. Let w(f) = 7*f**3 - 11*f**2 - 11*f - 11. Is w(c) a composite number?
False
Let l(c) = 261*c**2 + 66*c - 338. Is l(1